{"id":1081,"date":"2025-11-28T07:36:35","date_gmt":"2025-11-28T06:36:35","guid":{"rendered":"https:\/\/sollalafami.com\/?post_type=product&#038;p=1081"},"modified":"2025-12-10T15:39:55","modified_gmt":"2025-12-10T14:39:55","slug":"n2-la-valse-du-papillon","status":"publish","type":"product","link":"https:\/\/sollalafami.com\/index.php\/produit\/n2-la-valse-du-papillon\/","title":{"rendered":"N\u00b02 &#8211; La Valse du Papillon"},"content":{"rendered":"<p style=\"text-align: left;\"><img fetchpriority=\"high\" decoding=\"async\" class=\"alignleft wp-image-1111 size-medium\" src=\"https:\/\/sollalafami.com\/wp-content\/uploads\/2025\/11\/N\u00b02-La-Valse-du-Papillon-web-preview-300x231.png\" alt=\"N\u00b02 - La Valse du Papillon ; N\u00b02 - Butterfly Waltz\" width=\"300\" height=\"231\" srcset=\"https:\/\/sollalafami.com\/wp-content\/uploads\/2025\/11\/N\u00b02-La-Valse-du-Papillon-web-preview-300x231.png 300w, https:\/\/sollalafami.com\/wp-content\/uploads\/2025\/11\/N\u00b02-La-Valse-du-Papillon-web-preview-1024x790.png 1024w, https:\/\/sollalafami.com\/wp-content\/uploads\/2025\/11\/N\u00b02-La-Valse-du-Papillon-web-preview-768x592.png 768w, https:\/\/sollalafami.com\/wp-content\/uploads\/2025\/11\/N\u00b02-La-Valse-du-Papillon-web-preview-600x463.png 600w, https:\/\/sollalafami.com\/wp-content\/uploads\/2025\/11\/N\u00b02-La-Valse-du-Papillon-web-preview.png 1237w\" sizes=\"(max-width: 300px) 100vw, 300px\" \/>N\u00b02 &#8211; La Valse du Papillon <em>(N\u00b02 &#8211; Butterfly Waltz)<\/em> est une pi\u00e8ce assez technique pour la main gauche, en la mineur. Elle raconte la journ\u00e9e d&rsquo;un papillon, qui s&rsquo;\u00e9veille et s&rsquo;\u00e9tire tranquillement, et puis danse, de plus en plus, de plus en plus, jusqu&rsquo;\u00e0 tourbillonner.<br \/>\nLa main gauche travaille ici ! Arp\u00e8ges simples pour prendre l&#8217;empreinte, et la \u00ab\u00a0pompe\u00a0\u00bb arrive (basse au 5\u00e8me doigt, et 4,2,1 en accords). Des petites tenues mesures 41 et 42 : \u00e0 bien pr\u00e9parer lentement.<br \/>\nLe temps compte pour notre papillon, il va danser, danser, danser, jusqu&rsquo;\u00e0 en perdre le 3\/4 de la valse !<br \/>\nCe morceau a deux fins : il peut se terminer mesure 97.<br \/>\nPour celles et ceux qui attaqueront le prestissimo \u00e0 la mesure 98, il faut imaginer un soubresaut, une envie folle\u00a0 pour notre papillon de ne pas laisser le soleil se coucher, et d&rsquo;aller s&rsquo;\u00e9tourdir dans une derni\u00e8re ronde. Un passage en triolets rapides, quelques 4 pour 3, des cloches \u00e0 faire sonner, et une fin paisible, bien m\u00e9rit\u00e9e, apr\u00e8s cette folle journ\u00e9e.<br \/>\nPour celles et ceux qui redouteraient ce passage : la lenteur est le secret, tout se joue lentement. Et un jour&#8230; vous papillonnerez, c&rsquo;est sur !<\/p>\n<h5 style=\"text-align: left;\"><span style=\"text-decoration: underline;\">Points cl\u00e9s :<\/span><\/h5>\n<p style=\"text-align: left;\" data-path-to-node=\"10\">Dans cette pi\u00e8ce, vous trouverez ces notions \u00e0 travailler, ou \u00e0 mettre en valeur :<\/p>\n<ul style=\"text-align: left;\">\n<li data-path-to-node=\"11,0,0\"><b>Ind\u00e9pendance des mains :<\/b> Accompagnement de valse \u00e0 gauche et m\u00e9lodie \u00e0 droite, mouvements contraires, 4 pour 3, etc.<\/li>\n<li data-path-to-node=\"11,1,0\"><b>Modification de signature rythmique :<\/b> 3\/4 ; 4\/4<\/li>\n<li data-path-to-node=\"11,2,0\"><b>Main gauche :<\/b> Endurance, arp\u00e8ges, \u00ab\u00a0la pompe\u00a0\u00bb, tenues<\/li>\n<li data-path-to-node=\"11,2,0\"><strong>Technique :<\/strong> Jouer vite, mais l\u00e9g\u00e8rement !<\/li>\n<li data-path-to-node=\"11,3,0\"><b>Intention :\u00a0<\/b>Restituer l&#8217;empressement et la soif de vivre. Le morceau est en mineur, mais surtout pas triste.<\/li>\n<\/ul>\n<h5 style=\"text-align: left;\"><span style=\"text-decoration: underline;\">Fiche technique :<\/span><\/h5>\n<ul style=\"text-align: left;\">\n<li data-path-to-node=\"17,0,0\"><b>Tonalit\u00e9 :<\/b> La mineur<\/li>\n<li data-path-to-node=\"17,0,0\"><strong>Mesure(s) :<\/strong> 3\/4 ; 4\/4<\/li>\n<li><strong>Indication(s) de Tempo :<\/strong> Andante ; Andante Moderato ; Prestissimo<\/li>\n<li data-path-to-node=\"17,1,0\"><b>Dur\u00e9e :<\/b> 2&rsquo;30 environ<\/li>\n<li data-path-to-node=\"17,2,0\"><b>Nb de pages:<\/b> 6,5<\/li>\n<li><strong>Doigt\u00e9s :<\/strong> Oui (proposition du compositeur, petite main)<\/li>\n<li data-path-to-node=\"17,3,0\"><b>Niveau :<\/b> Fin de 2\u00e8me Cycle<\/li>\n<\/ul>\n<h3 style=\"text-align: left;\" data-path-to-node=\"18\"><\/h3>\n<h3 style=\"text-align: left;\"><\/h3>\n<h5 style=\"text-align: left;\"><span style=\"text-decoration: underline;\">Partition :<\/span><\/h5>\n<p style=\"text-align: left;\">La partition est disponible imm\u00e9diatement au t\u00e9l\u00e9chargement, au prix de :<\/p>\n","protected":false},"excerpt":{"rendered":"<p>\u00c9couter dans sa version originale pour piano :<\/p>\n[audio mp3=\"https:\/\/sollalafami.com\/wp-content\/uploads\/2025\/11\/N\u00b02-La-Valse-du-Papillon-site.mp3\"][\/audio]\n","protected":false},"featured_media":1111,"comment_status":"open","ping_status":"closed","template":"","meta":[],"product_brand":[],"product_cat":[39],"product_tag":[],"class_list":{"0":"post-1081","1":"product","2":"type-product","3":"status-publish","4":"has-post-thumbnail","6":"product_cat-piano-n4","8":"first","9":"instock","10":"downloadable","11":"virtual","12":"purchasable","13":"product-type-simple"},"_links":{"self":[{"href":"https:\/\/sollalafami.com\/index.php\/wp-json\/wp\/v2\/product\/1081","targetHints":{"allow":["GET"]}}],"collection":[{"href":"https:\/\/sollalafami.com\/index.php\/wp-json\/wp\/v2\/product"}],"about":[{"href":"https:\/\/sollalafami.com\/index.php\/wp-json\/wp\/v2\/types\/product"}],"replies":[{"embeddable":true,"href":"https:\/\/sollalafami.com\/index.php\/wp-json\/wp\/v2\/comments?post=1081"}],"wp:featuredmedia":[{"embeddable":true,"href":"https:\/\/sollalafami.com\/index.php\/wp-json\/wp\/v2\/media\/1111"}],"wp:attachment":[{"href":"https:\/\/sollalafami.com\/index.php\/wp-json\/wp\/v2\/media?parent=1081"}],"wp:term":[{"taxonomy":"product_brand","embeddable":true,"href":"https:\/\/sollalafami.com\/index.php\/wp-json\/wp\/v2\/product_brand?post=1081"},{"taxonomy":"product_cat","embeddable":true,"href":"https:\/\/sollalafami.com\/index.php\/wp-json\/wp\/v2\/product_cat?post=1081"},{"taxonomy":"product_tag","embeddable":true,"href":"https:\/\/sollalafami.com\/index.php\/wp-json\/wp\/v2\/product_tag?post=1081"}],"curies":[{"name":"wp","href":"https:\/\/api.w.org\/{rel}","templated":true}]}}